{"id":22290,"date":"2016-05-12T10:39:05","date_gmt":"2016-05-12T08:39:05","guid":{"rendered":"https:\/\/www.lesacduberger.com\/produit\/sac-du-berger-pack-photo\/"},"modified":"2026-04-23T16:46:17","modified_gmt":"2026-04-23T14:46:17","slug":"shepherds-bag-photo-pack","status":"publish","type":"product","link":"https:\/\/www.lesacduberger.com\/en\/product\/shepherds-bag-photo-pack\/","title":{"rendered":"Sac du Berger - Photo pack"},"content":{"rendered":"<h2>The photographer's bag: in leather and made in France<\/h2>\n<p>Our Sac du Berger Photo Pack has been designed for photography enthusiasts.<\/p>\n<ul>\n<li>Identical model to Sac du Berger n\u00b05<\/li>\n<li>Two adjustable straps with snap hooks, supplied in addition to the leather one: one in cotton and leather, and one for carrying as a backpack.<\/li>\n<li>Two front pockets and two side pockets, with drawstrings<\/li>\n<li>On the outside, two patch pockets on the back<\/li>\n<li>Inside, two patch pockets: one on the back and one on the front, in cotton + linen canvas.<\/li>\n<\/ul>\n<p>The various stages of production, from the origin of the skins to the tanning and finishing of the finished object, are carried out within a 120-kilometer radius of the Layrolle workshop.<\/p>\n<p>All our products are designed to be durable and repairable.<\/p>","protected":false},"excerpt":{"rendered":"<p>For professional and amateur photographers alike, we've designed a Shepherd's Bag specially designed to store your cameras and lenses. The carabiner-mounted shoulder strap can be replaced by a soft cotton\/leather shoulder strap, or worn as a backpack.<\/p>","protected":false},"featured_media":46655,"template":"","meta":[],"product_brand":[],"product_cat":[1534,1549,1525],"product_tag":[],"giftcard-category":[],"class_list":{"0":"post-22290","1":"product","2":"type-product","3":"status-publish","4":"has-post-thumbnail","6":"product_cat-les-sacs-bandouliere","7":"product_cat-les-sacs-du-berger","8":"product_cat-sacs","9":"pa_compositions-cuirdevachetteorigineaveyron","10":"pa_couleur-fauve","11":"pa_couleur-noir","12":"pa_hauteur-25cm","13":"pa_largeur-36cm","14":"pa_longueurbandouliere-reglablede102a115cm","15":"pa_profondeur-1_5cm","17":"first","18":"instock","19":"taxable","20":"shipping-taxable","21":"purchasable","22":"product-type-variable","23":"has-default-attributes"},"yoast_head":"<!-- This site is optimized with the Yoast SEO plugin v27.1.1 - https:\/\/yoast.com\/product\/yoast-seo-wordpress\/ -->\n<title>Sac du Berger Pack : un Sac en Cuir pour Photographe Made in France<\/title>\n<meta name=\"description\" content=\"D\u00e9couvrez le sac parfait pour photographe : avec montage sp\u00e9cial pouvant se porter en sac \u00e0 dos gr\u00e2ce \u00e0 l&#039;ajout de deux bandouli\u00e8res souples en coton et cuir incluses !\" \/>\n<meta name=\"robots\" content=\"index, follow, max-snippet:-1, max-image-preview:large, max-video-preview:-1\" \/>\n<link rel=\"canonical\" href=\"https:\/\/www.lesacduberger.com\/en\/product\/shepherds-bag-photo-pack\/\" \/>\n<meta property=\"og:locale\" content=\"en_US\" \/>\n<meta property=\"og:title\" content=\"Sac du Berger Pack : un Sac en Cuir pour Photographe Made in France\" \/>\n<meta property=\"og:description\" content=\"D\u00e9couvrez le sac parfait pour photographe : avec montage sp\u00e9cial pouvant se porter en sac \u00e0 dos gr\u00e2ce \u00e0 l&#039;ajout de deux bandouli\u00e8res souples en coton et cuir incluses !\" \/>\n<meta property=\"og:url\" content=\"https:\/\/www.lesacduberger.com\/en\/product\/shepherds-bag-photo-pack\/\" \/>\n<meta property=\"og:site_name\" content=\"Le Sac du Berger\" \/>\n<meta property=\"article:publisher\" content=\"https:\/\/www.facebook.com\/lesacduberger\" \/>\n<meta property=\"article:modified_time\" content=\"2026-04-23T14:46:17+00:00\" \/>\n<meta property=\"og:image\" content=\"https:\/\/www.lesacduberger.com\/wp-content\/uploads\/2016\/05\/Berger-N%C2%B05-Noir-couverture.jpg\" \/>\n\t<meta property=\"og:image:width\" content=\"1080\" \/>\n\t<meta property=\"og:image:height\" content=\"1350\" \/>\n\t<meta property=\"og:image:type\" content=\"image\/jpeg\" \/>\n<meta name=\"twitter:card\" content=\"summary_large_image\" \/>\n<script type=\"application\/ld+json\" class=\"yoast-schema-graph\">{\"@context\":\"https:\/\/schema.org\",\"@graph\":[{\"@type\":\"WebPage\",\"@id\":\"https:\/\/www.lesacduberger.com\/produit\/sac-du-berger-pack-photo\/\",\"url\":\"https:\/\/www.lesacduberger.com\/produit\/sac-du-berger-pack-photo\/\",\"name\":\"Sac du Berger Pack : un Sac en Cuir pour Photographe Made in France\",\"isPartOf\":{\"@id\":\"https:\/\/www.lesacduberger.com\/#website\"},\"primaryImageOfPage\":{\"@id\":\"https:\/\/www.lesacduberger.com\/produit\/sac-du-berger-pack-photo\/#primaryimage\"},\"image\":{\"@id\":\"https:\/\/www.lesacduberger.com\/produit\/sac-du-berger-pack-photo\/#primaryimage\"},\"thumbnailUrl\":\"https:\/\/www.lesacduberger.com\/wp-content\/uploads\/2016\/05\/Berger-N%C2%B05-Noir-couverture.jpg\",\"datePublished\":\"2016-05-12T08:39:05+00:00\",\"dateModified\":\"2026-04-23T14:46:17+00:00\",\"description\":\"D\u00e9couvrez le sac parfait pour photographe : avec montage sp\u00e9cial pouvant se porter en sac \u00e0 dos gr\u00e2ce \u00e0 l'ajout de deux bandouli\u00e8res souples en coton et cuir incluses !\",\"breadcrumb\":{\"@id\":\"https:\/\/www.lesacduberger.com\/produit\/sac-du-berger-pack-photo\/#breadcrumb\"},\"inLanguage\":\"en-US\",\"potentialAction\":[{\"@type\":\"ReadAction\",\"target\":[\"https:\/\/www.lesacduberger.com\/produit\/sac-du-berger-pack-photo\/\"]}]},{\"@type\":\"ImageObject\",\"inLanguage\":\"en-US\",\"@id\":\"https:\/\/www.lesacduberger.com\/produit\/sac-du-berger-pack-photo\/#primaryimage\",\"url\":\"https:\/\/www.lesacduberger.com\/wp-content\/uploads\/2016\/05\/Berger-N%C2%B05-Noir-couverture.jpg\",\"contentUrl\":\"https:\/\/www.lesacduberger.com\/wp-content\/uploads\/2016\/05\/Berger-N%C2%B05-Noir-couverture.jpg\",\"width\":1080,\"height\":1350},{\"@type\":\"BreadcrumbList\",\"@id\":\"https:\/\/www.lesacduberger.com\/produit\/sac-du-berger-pack-photo\/#breadcrumb\",\"itemListElement\":[{\"@type\":\"ListItem\",\"position\":1,\"name\":\"Accueil\",\"item\":\"https:\/\/www.lesacduberger.com\/\"},{\"@type\":\"ListItem\",\"position\":2,\"name\":\"Boutique\",\"item\":\"https:\/\/www.lesacduberger.com\/boutique\/\"},{\"@type\":\"ListItem\",\"position\":3,\"name\":\"Sac du Berger &#8211&hellip;\"}]},{\"@type\":\"WebSite\",\"@id\":\"https:\/\/www.lesacduberger.com\/#website\",\"url\":\"https:\/\/www.lesacduberger.com\/\",\"name\":\"Le Sac du Berger\",\"description\":\"\",\"publisher\":{\"@id\":\"https:\/\/www.lesacduberger.com\/#organization\"},\"potentialAction\":[{\"@type\":\"SearchAction\",\"target\":{\"@type\":\"EntryPoint\",\"urlTemplate\":\"https:\/\/www.lesacduberger.com\/?s={search_term_string}\"},\"query-input\":{\"@type\":\"PropertyValueSpecification\",\"valueRequired\":true,\"valueName\":\"search_term_string\"}}],\"inLanguage\":\"en-US\"},{\"@type\":\"Organization\",\"@id\":\"https:\/\/www.lesacduberger.com\/#organization\",\"name\":\"Le Sac du Berger\",\"url\":\"https:\/\/www.lesacduberger.com\/\",\"logo\":{\"@type\":\"ImageObject\",\"inLanguage\":\"en-US\",\"@id\":\"https:\/\/www.lesacduberger.com\/#\/schema\/logo\/image\/\",\"url\":\"https:\/\/www.lesacduberger.com\/wp-content\/uploads\/2020\/09\/Logo-Sac-du-Berger-blanc-OK.png\",\"contentUrl\":\"https:\/\/www.lesacduberger.com\/wp-content\/uploads\/2020\/09\/Logo-Sac-du-Berger-blanc-OK.png\",\"width\":2093,\"height\":510,\"caption\":\"Le Sac du Berger\"},\"image\":{\"@id\":\"https:\/\/www.lesacduberger.com\/#\/schema\/logo\/image\/\"},\"sameAs\":[\"https:\/\/www.facebook.com\/lesacduberger\",\"https:\/\/www.instagram.com\/lesacduberger\/?hl=fr\"]}]}<\/script>\n<!-- \/ Yoast SEO plugin. -->","yoast_head_json":{"title":"Sac du Berger Pack: a Leather Photographer's Bag Made in France","description":"Discover the perfect bag for photographers: with a special assembly that can be worn as a backpack thanks to the addition of two soft cotton and leather shoulder straps included!","robots":{"index":"index","follow":"follow","max-snippet":"max-snippet:-1","max-image-preview":"max-image-preview:large","max-video-preview":"max-video-preview:-1"},"canonical":"https:\/\/www.lesacduberger.com\/en\/product\/shepherds-bag-photo-pack\/","og_locale":"en_US","og_title":"Sac du Berger Pack : un Sac en Cuir pour Photographe Made in France","og_description":"D\u00e9couvrez le sac parfait pour photographe : avec montage sp\u00e9cial pouvant se porter en sac \u00e0 dos gr\u00e2ce \u00e0 l'ajout de deux bandouli\u00e8res souples en coton et cuir incluses !","og_url":"https:\/\/www.lesacduberger.com\/en\/product\/shepherds-bag-photo-pack\/","og_site_name":"Le Sac du Berger","article_publisher":"https:\/\/www.facebook.com\/lesacduberger","article_modified_time":"2026-04-23T14:46:17+00:00","og_image":[{"width":1080,"height":1350,"url":"https:\/\/www.lesacduberger.com\/wp-content\/uploads\/2016\/05\/Berger-N%C2%B05-Noir-couverture.jpg","type":"image\/jpeg"}],"twitter_card":"summary_large_image","schema":{"@context":"https:\/\/schema.org","@graph":[{"@type":"WebPage","@id":"https:\/\/www.lesacduberger.com\/produit\/sac-du-berger-pack-photo\/","url":"https:\/\/www.lesacduberger.com\/produit\/sac-du-berger-pack-photo\/","name":"Sac du Berger Pack: a Leather Photographer's Bag Made in France","isPartOf":{"@id":"https:\/\/www.lesacduberger.com\/#website"},"primaryImageOfPage":{"@id":"https:\/\/www.lesacduberger.com\/produit\/sac-du-berger-pack-photo\/#primaryimage"},"image":{"@id":"https:\/\/www.lesacduberger.com\/produit\/sac-du-berger-pack-photo\/#primaryimage"},"thumbnailUrl":"https:\/\/www.lesacduberger.com\/wp-content\/uploads\/2016\/05\/Berger-N%C2%B05-Noir-couverture.jpg","datePublished":"2016-05-12T08:39:05+00:00","dateModified":"2026-04-23T14:46:17+00:00","description":"Discover the perfect bag for photographers: with a special assembly that can be worn as a backpack thanks to the addition of two soft cotton and leather shoulder straps included!","breadcrumb":{"@id":"https:\/\/www.lesacduberger.com\/produit\/sac-du-berger-pack-photo\/#breadcrumb"},"inLanguage":"en-US","potentialAction":[{"@type":"ReadAction","target":["https:\/\/www.lesacduberger.com\/produit\/sac-du-berger-pack-photo\/"]}]},{"@type":"ImageObject","inLanguage":"en-US","@id":"https:\/\/www.lesacduberger.com\/produit\/sac-du-berger-pack-photo\/#primaryimage","url":"https:\/\/www.lesacduberger.com\/wp-content\/uploads\/2016\/05\/Berger-N%C2%B05-Noir-couverture.jpg","contentUrl":"https:\/\/www.lesacduberger.com\/wp-content\/uploads\/2016\/05\/Berger-N%C2%B05-Noir-couverture.jpg","width":1080,"height":1350},{"@type":"BreadcrumbList","@id":"https:\/\/www.lesacduberger.com\/produit\/sac-du-berger-pack-photo\/#breadcrumb","itemListElement":[{"@type":"ListItem","position":1,"name":"Accueil","item":"https:\/\/www.lesacduberger.com\/"},{"@type":"ListItem","position":2,"name":"Boutique","item":"https:\/\/www.lesacduberger.com\/boutique\/"},{"@type":"ListItem","position":3,"name":"Sac du Berger &#8211&hellip;"}]},{"@type":"WebSite","@id":"https:\/\/www.lesacduberger.com\/#website","url":"https:\/\/www.lesacduberger.com\/","name":"Le Sac du Berger","description":"","publisher":{"@id":"https:\/\/www.lesacduberger.com\/#organization"},"potentialAction":[{"@type":"SearchAction","target":{"@type":"EntryPoint","urlTemplate":"https:\/\/www.lesacduberger.com\/?s={search_term_string}"},"query-input":{"@type":"PropertyValueSpecification","valueRequired":true,"valueName":"search_term_string"}}],"inLanguage":"en-US"},{"@type":"Organization","@id":"https:\/\/www.lesacduberger.com\/#organization","name":"Le Sac du Berger","url":"https:\/\/www.lesacduberger.com\/","logo":{"@type":"ImageObject","inLanguage":"en-US","@id":"https:\/\/www.lesacduberger.com\/#\/schema\/logo\/image\/","url":"https:\/\/www.lesacduberger.com\/wp-content\/uploads\/2020\/09\/Logo-Sac-du-Berger-blanc-OK.png","contentUrl":"https:\/\/www.lesacduberger.com\/wp-content\/uploads\/2020\/09\/Logo-Sac-du-Berger-blanc-OK.png","width":2093,"height":510,"caption":"Le Sac du Berger"},"image":{"@id":"https:\/\/www.lesacduberger.com\/#\/schema\/logo\/image\/"},"sameAs":["https:\/\/www.facebook.com\/lesacduberger","https:\/\/www.instagram.com\/lesacduberger\/?hl=fr"]}]}},"_links":{"self":[{"href":"https:\/\/www.lesacduberger.com\/en\/wp-json\/wp\/v2\/product\/22290","targetHints":{"allow":["GET"]}}],"collection":[{"href":"https:\/\/www.lesacduberger.com\/en\/wp-json\/wp\/v2\/product"}],"about":[{"href":"https:\/\/www.lesacduberger.com\/en\/wp-json\/wp\/v2\/types\/product"}],"wp:featuredmedia":[{"embeddable":true,"href":"https:\/\/www.lesacduberger.com\/en\/wp-json\/wp\/v2\/media\/46655"}],"wp:attachment":[{"href":"https:\/\/www.lesacduberger.com\/en\/wp-json\/wp\/v2\/media?parent=22290"}],"wp:term":[{"taxonomy":"product_brand","embeddable":true,"href":"https:\/\/www.lesacduberger.com\/en\/wp-json\/wp\/v2\/product_brand?post=22290"},{"taxonomy":"product_cat","embeddable":true,"href":"https:\/\/www.lesacduberger.com\/en\/wp-json\/wp\/v2\/product_cat?post=22290"},{"taxonomy":"product_tag","embeddable":true,"href":"https:\/\/www.lesacduberger.com\/en\/wp-json\/wp\/v2\/product_tag?post=22290"},{"taxonomy":"giftcard-category","embeddable":true,"href":"https:\/\/www.lesacduberger.com\/en\/wp-json\/wp\/v2\/giftcard-category?post=22290"}],"curies":[{"name":"wp","href":"https:\/\/api.w.org\/{rel}","templated":true}]}}

<!-- This site is optimized with the Yoast SEO plugin v27.1.1 - https://yoast.com/product/yoast-seo-wordpress/ -->
<title>Sac du Berger Pack : un Sac en Cuir pour Photographe Made in France</title>
<meta name="description" content="Découvrez le sac parfait pour photographe : avec montage spécial pouvant se porter en sac à dos grâce à l&#039;ajout de deux bandoulières souples en coton et cuir incluses !" />
<meta name="robots" content="index, follow, max-snippet:-1, max-image-preview:large, max-video-preview:-1" />
<link rel="canonical" href="https://www.lesacduberger.com/en/product/shepherds-bag-photo-pack/" />
<meta property="og:locale" content="en_US" />
<meta property="og:title" content="Sac du Berger Pack : un Sac en Cuir pour Photographe Made in France" />
<meta property="og:description" content="Découvrez le sac parfait pour photographe : avec montage spécial pouvant se porter en sac à dos grâce à l&#039;ajout de deux bandoulières souples en coton et cuir incluses !" />
<meta property="og:url" content="https://www.lesacduberger.com/en/product/shepherds-bag-photo-pack/" />
<meta property="og:site_name" content="Le Sac du Berger" />
<meta property="article:publisher" content="https://www.facebook.com/lesacduberger" />
<meta property="article:modified_time" content="2026-04-23T14:46:17+00:00" />
<meta property="og:image" content="https://www.lesacduberger.com/wp-content/uploads/2016/05/Berger-N%C2%B05-Noir-couverture.jpg" />
	<meta property="og:image:width" content="1080" />
	<meta property="og:image:height" content="1350" />
	<meta property="og:image:type" content="image/jpeg" />
<meta name="twitter:card" content="summary_large_image" />
<script type="application/ld+json" class="yoast-schema-graph">{"@context":"https://schema.org","@graph":[{"@type":"WebPage","@id":"https://www.lesacduberger.com/produit/sac-du-berger-pack-photo/","url":"https://www.lesacduberger.com/produit/sac-du-berger-pack-photo/","name":"Sac du Berger Pack : un Sac en Cuir pour Photographe Made in France","isPartOf":{"@id":"https://www.lesacduberger.com/#website"},"primaryImageOfPage":{"@id":"https://www.lesacduberger.com/produit/sac-du-berger-pack-photo/#primaryimage"},"image":{"@id":"https://www.lesacduberger.com/produit/sac-du-berger-pack-photo/#primaryimage"},"thumbnailUrl":"https://www.lesacduberger.com/wp-content/uploads/2016/05/Berger-N%C2%B05-Noir-couverture.jpg","datePublished":"2016-05-12T08:39:05+00:00","dateModified":"2026-04-23T14:46:17+00:00","description":"Découvrez le sac parfait pour photographe : avec montage spécial pouvant se porter en sac à dos grâce à l'ajout de deux bandoulières souples en coton et cuir incluses !","breadcrumb":{"@id":"https://www.lesacduberger.com/produit/sac-du-berger-pack-photo/#breadcrumb"},"inLanguage":"en-US","potentialAction":[{"@type":"ReadAction","target":["https://www.lesacduberger.com/produit/sac-du-berger-pack-photo/"]}]},{"@type":"ImageObject","inLanguage":"en-US","@id":"https://www.lesacduberger.com/produit/sac-du-berger-pack-photo/#primaryimage","url":"https://www.lesacduberger.com/wp-content/uploads/2016/05/Berger-N%C2%B05-Noir-couverture.jpg","contentUrl":"https://www.lesacduberger.com/wp-content/uploads/2016/05/Berger-N%C2%B05-Noir-couverture.jpg","width":1080,"height":1350},{"@type":"BreadcrumbList","@id":"https://www.lesacduberger.com/produit/sac-du-berger-pack-photo/#breadcrumb","itemListElement":[{"@type":"ListItem","position":1,"name":"Accueil","item":"https://www.lesacduberger.com/"},{"@type":"ListItem","position":2,"name":"Boutique","item":"https://www.lesacduberger.com/boutique/"},{"@type":"ListItem","position":3,"name":"Sac du Berger &#8211&hellip;"}]},{"@type":"WebSite","@id":"https://www.lesacduberger.com/#website","url":"https://www.lesacduberger.com/","name":"Le Sac du Berger","description":"","publisher":{"@id":"https://www.lesacduberger.com/#organization"},"potentialAction":[{"@type":"SearchAction","target":{"@type":"EntryPoint","urlTemplate":"https://www.lesacduberger.com/?s={search_term_string}"},"query-input":{"@type":"PropertyValueSpecification","valueRequired":true,"valueName":"search_term_string"}}],"inLanguage":"en-US"},{"@type":"Organization","@id":"https://www.lesacduberger.com/#organization","name":"Le Sac du Berger","url":"https://www.lesacduberger.com/","logo":{"@type":"ImageObject","inLanguage":"en-US","@id":"https://www.lesacduberger.com/#/schema/logo/image/","url":"https://www.lesacduberger.com/wp-content/uploads/2020/09/Logo-Sac-du-Berger-blanc-OK.png","contentUrl":"https://www.lesacduberger.com/wp-content/uploads/2020/09/Logo-Sac-du-Berger-blanc-OK.png","width":2093,"height":510,"caption":"Le Sac du Berger"},"image":{"@id":"https://www.lesacduberger.com/#/schema/logo/image/"},"sameAs":["https://www.facebook.com/lesacduberger","https://www.instagram.com/lesacduberger/?hl=fr"]}]}</script>
<!-- / Yoast SEO plugin. -->

Découvrez le sac parfait pour photographe : avec montage spécial pouvant se porter en sac à dos grâce à l'ajout de deux bandoulières souples en coton et cuir incluses !
